ts digit of k?
9
Suppose 0*f = -u - 3*f + 14, 10 = 3*u + f. Suppose 0*p + 20 = -5*i + 5*p, u*p = -2*i + 8. Let d = i - -1. What is the units digit of d?
1
Let p(k) = 13*k**2 + 8*k - 12. What is the units digit of p(4)?
8
Let c = -10 + 14. Let s(h) = h**3 - 4*h**2 + 6*h - 2. Let n be s(c). Let x = n + -10. What is the tens digit of x?
1
Let q(f) = 5 - 3*f**2 + f**2 + f**2 - f. Let z be q(0). Suppose 0*h - 5*h = -z. What is the units digit of h?
1
What is the units digit of (-342)/27*15/(-2)?
5
Let g = 1 + -6. Let n(a) = -7*a - 8. What is the units digit of n(g)?
7
What is the units digit of (-4)/24 - (-50)/12?
4
Let o = 48 - 34. Suppose 2*l + k = o, 0*l + k + 14 = 2*l. What is the units digit of l?
7
Let l = -8 + 10. Suppose 0 = -4*o - 3*t + 88, 55 - 11 = l*o - t. What is the units digit of o?
2
Let u(p) = -p + 1. Suppose -6*l = 3*n - 2*l - 12, 0 = 5*l. Suppose 4*k + n*w = 0, 3*k - 5 = -5*w - 1. What is the units digit of u(k)?
3
Let a(j) = -5*j + 15. Let n be a(-10). Suppose -n = -4*q - 0*w - w, 4*q - 4*w - 60 = 0. What is the units digit of q?
6
Let j(o) = o - 4. Let v be j(5). Suppose -2*c = -9 + v. Suppose 5*z = -c*b + 65, -b - 25 = -3*b + 5*z. What is the tens digit of b?
1
Let a = 9 - -76. What is the units digit of a?
5
Let t = -7 - -11. Suppose 11 = 2*d + 1. Suppose 3*y = -l - 3 - d, -t*y = -5*l + 36. What is the units digit of l?
4
Suppose -10 - 26 = -p. What is the tens digit of p?
3
Suppose 0 = -4*c + 3*w - 9, 2*w + 4 = -5*c + 10. Suppose c*h = -h + 5. Suppose -5*m + z = -22, -7*z + 2*z - h = -4*m. What is the units digit of m?
5
Suppose -2*t + 5 = -3*t. Let q = 19 + t. What is the tens digit of q?
1
Let s = -5 + -1. Suppose 4*r + 4*m = 3*m + 30, -5*m = r + 2. Let t = r - s. What is the tens digit of t?
1
Let i be 2/3 - 20/(-15). Let r be (1 - -1)*9/6. Suppose r*d - 3*j - 51 = -2*d, -i*j + 66 = 5*d. What is the tens digit of d?
1
Let v = 79 + -45. What is the tens digit of v?
3
Let m = 4 - -1. Let u = -1 + m. What is the units digit of u?
4
Let s(w) = 4*w**2 + w - 1. Let f be s(1). Suppose 2*h - 62 = -2*p + 6*p, 4*h - f*p - 112 = 0. What is the tens digit of h?
2
Let s(r) = 3*r**2 - 7*r + 1. What is the units digit of s(-3)?
9
Suppose -20 = -4*i + 3*i. Let p = i - 3. What is the tens digit of p?
1
Let o = 8 - 15. Let w(z) be the first derivative of -z**4/4 - 8*z**3/3 - 4*z**2 - z + 7. What is the units digit of w(o)?
6
Suppose -4*d - 2*d = -84. What is the units digit of (d/12)/(1/6)?
7
Suppose 0 = 2*i + 2*i + 5*p - 518, -5*i + 664 = -2*p. What is the tens digit of i?
3
Let p be (1 - 7)/(-3 - -1). Suppose -2*k = 2*l + 12, -5*k = -p*l + l + 9. What is the units digit of (0 - k/3) + 0?
1
Let i(g) = g**2 + 10*g - 26. What is the tens digit of i(-18)?
1
Suppose -3*l - 4*j - 13 + 131 = 0, -245 = -5*l + 3*j. What is the units digit of l?
6
Let a = -28 - -57. Let f = -18 + a. What is the units digit of f?
1
Suppose -w = -2*w + 16. Suppose -4*p + 4*f + 96 + w = 0, 5*f + 117 = 4*p. What is the units digit of p?
3
What is the tens digit of (-2)/4 + (-51)/(-2)?
2
Let c(i) = -i**3 - 5*i**2 - 2*i - 7. Let v be c(-5). Let m be (-6)/4*(-10)/v. Suppose 0 = -m*b - 3 + 13. What is the units digit of b?
2
Suppose -4*o + 88 = -5*g - 225, -g = 5*o - 413. What is the units digit of o?
2
Let g = -28 + 6. Let l = g + 39. What is the tens digit of l?
1
Suppose 0*f = 3*f + 5*d + 16, -2*d = -4*f - 4. What is the units digit of (2 - (-1 - f)) + 6?
7
Let g(r) be the first derivative of r**2 - 3*r + 2. Let m be g(4). Let v(k) = k**3 - 6*k**2 + 4*k + 7. What is the units digit of v(m)?
2
What is the units digit of (4572/18)/(2/1)?
7
Let q(w) = -w + 31. What is the tens digit of q(13)?
1
Suppose 0 = -2*o + 4*d, 3*o + d - 8 = 13. What is the units digit of o?
6
Let k(p) = p**3 - p**2 + p. Let b(y) = -6*y**3 + y**2 - 5*y + 7. Let h(w) = b(w) + 5*k(w). Let n be h(-5). Let r = n + -21. What is the units digit of r?
1
Suppose -2*d + 3*d = 122. Let g = d + -86. What is the tens digit of g?
3
Suppose i - 6 = 112. What is the tens digit of i?
1
Let k be -2*(-9)/(-12)*6. Let p be (-1)/(1/4) + 1. What is the units digit of (-7)/p - 6/k?
3
Suppose 0 = z - 2. Suppose 5 = -p, -z*p + 4*p + 48 = t. What is the tens digit of t?
3
Suppose -v = -0*v - 66. What is the tens digit of v?
6
Let i(a) be the first derivative of 5*a**4/2 - a**3/3 + a**2/2 + 5. What is the tens digit of i(1)?
1
Let j = -365 - -563. What is the units digit of j?
8
Let o be (0 - -5)/(7/14). Let a = o + -5. What is the units digit of a?
5
Suppose -h + 13 = -0*h. What is the tens digit of h?
1
Let z = -17 + 21. Suppose -4*o = -5*l - 46, -z*o + 5 + 25 = 3*l. What is the units digit of o?
9
Let h be (-2)/(-3) - (-392)/6. Let k = h + -40. What is the units digit of k?
6
Let m(s) = -2*s**2 - 2*s**3 - 2*s + 3 - 3. Let y be m(-2). Suppose -4*x = -4 - y. What is the units digit of x?
4
Let n be 22 + (1*-1)/1. Let a = -114 + 101. Let h = a + n. What is the units digit of h?
8
Let h be (-8)/(-4)*(-2)/(-2). Let j(r) = 1 - h*r + 0*r + r. What is the units digit of j(-4)?
5
Suppose -3*x + 3*s = -183, s + 55 = -2*x + 168. What is the tens digit of x?
5
Let p be 3/(9/(-6)) + -37. Let g = p - -74. What is the tens digit of g?
3
Let x = 8 - 9. What is the units digit of (6*x)/(6/(-20))?
0
Let k(a) be the first derivative of 0*a**2 + 4*a**2 + 10 - 7 - 3*a. What is the units digit of k(2)?
3
Suppose -2*q - 4*s = -70, -2*q + 3*s = -31 - 32. What is the units digit of q?
3
Suppose 2*r = 3*r - 3. Let l(b) = 2*b**2 + 3*b - 2. What is the tens digit of l(r)?
2
Let s = 5 + -4. Suppose s = w + 8. Let h(u) = u**3 + 8*u**2 + 6*u - 3. What is the units digit of h(w)?
4
Let x be (4/(-2))/((-1)/4). What is the tens digit of ((-6)/(-5))/(x/100)?
1
Let h(x) = -2*x**3 + 2*x**2 - x + 1. What is the tens digit of h(-2)?
2
Suppose 0 = -4*o + j + 637, 301 = 2*o - 2*j + 5*j. What is the units digit of o?
8
What is the tens digit of (0 - (4 - 3)) + 38?
3
Suppose -r = 4*r - 260. What is the units digit of r?
2
Let r(u) = 3*u**2 + 9*u - 32. What is the units digit of r(-9)?
0
Let t = 82 - 59. What is the tens digit of t?
2
What is the tens digit of 159*1*(-4)/(-12)?
5
Let t be 0/(0 - 1 - 0). Suppose -s + 19 = -3*i, t = s - 5*i - 0*i - 29. Suppose 0 = -s*y + y + 4*o + 11, o = 4*y - 19. What is the units digit of y?
5
Let n = 196 - 44. What is the tens digit of n?
5
What is the units digit of 6/5*175/14?
5
Let n be 0/(20/(-4) + 3). Suppose 0*f - 4*f + 60 = n. What is the units digit of f?
5
Suppose -5*x = 4*r - 90, r + 4*x - 42 = -r. What is the units digit of r?
5
Let x be ((-1)/(-2))/((-9)/108). What is the units digit of 3 + x - -1 - -18?
6
Let w(q) = q**2 + q. What is the units digit of w(-2)?
2
Suppose -i + 65 = 5*c, 2*c + 4*i - 56 = -c. What is the units digit of c?
2
Suppose -18 + 16 = -z. Suppose -5*m + s = -190, -m + z*m - 38 = 5*s. What is the tens digit of m?
3
Let o(m) = 47*m + 2. Let r be o(2). Suppose -r = -5*k + k. Suppose n - 2*l = 5*n - k, 0 = 4*n - l - 36. What is the units digit of n?
8
Suppose 4 + 1 = -5*f. Let j be 6 + (-4 - -2 - f). What is the units digit of 2/j - 92/(-20)?
5
Suppose 5*c - 55 = -0*c. Let l be 40/(-15)*(-18)/(-8). Let s = c + l. What is the units digit of s?
5
Suppose -5*m + 164 = 29. Suppose 2*n - m = -n. What is the units digit of n?
9
Let h(z) be the third derivative of z**6/360 - z**5/120 - z**4/8 - z**3/6 + z**2. Let l(m) be the first derivative of h(m). What is the units digit of l(-3)?
9
Suppose 5*o + 3*k = -0 + 9, 5*o - 3 = -k. Let d = -2 - o. Let p(t) = 2*t**2 + 1. What is the units digit of p(d)?
9
Let h = -31 - -55. Let t be ((-3)/(-4))/(3/12). Suppose -h = -0*c - t*c. What is the units digit of c?
8
Suppose -5*w = 262 - 1057. Let o = w - 106. What is the units digit of o?
3
Suppose -4*c + 4 = -5*k, 5*c + 4*k - 36 = 10. Let d(f) = -f**3 + 8*f**2 - 8*f - 3. What is the units digit of d(c)?
1
Let r be 3 - (-2 - (-6)/3). Let c be 4/6 + (-26)/r. What is the units digit of (6/c)/(1/(-4))?
3
Let c = -17 + 11. Let g = 8 + c. What is the units digit of g?
2
Suppose 5*d - 24 = -4. Suppose -g = -t + 61, -d*t + 2*g + 311 = t. Let s = -45 + t. What is the tens digit of s?
1
Let m(v) = v + 3. Let j be ((-8)/10)/(2/10). Let q = j + 7. What is the units digit of m(q)?
6
Let p be (22/(-4) - 2)/((-3)/(-4)). Suppose 5